is the units digit of (2/2 - 3) + (i - -15)?
7
Let p = -41 - -36. Let j(k) = 9*k**2 - 3*k. Let t be j(p). Suppose -2*u = -5*i + u + t, 0 = -4*i + 4*u + 192. What is the tens digit of i?
4
Suppose -5*k = -5062 - 95538. What is the thousands digit of k?
0
What is the hundreds digit of (-1 - -20109)*(-6)/72*-3?
0
Let m = -1 - -3. Let f(x) = -5*x - 4*x**2 + 9*x**m + 6 + 9*x. What is the units digit of f(-4)?
0
What is the thousands digit of (21 - (-243304)/24)*3/2?
5
Let n(b) be the second derivative of -b**5/20 - b**4/3 + b**3/3 - 3*b**2 - 2*b. Let l = 5459 - 5466. What is the units digit of n(l)?
7
Suppose -3102864 = -176*u + 3062944. What is the ten thousands digit of u?
3
Let n(k) = k**3 + 31*k**2 + 12*k - 42. Let v be n(-25). Suppose v = 64*l - 40*l. What is the hundreds digit of l?
1
Let q be ((-15)/6 - -3)*8. Suppose -20 = -q*w, 0*l + w - 53 = -2*l. What is the units digit of 104/l*11*3?
3
Let g = 461 - 432. Suppose 0 = -g*z + 35*z - 3504. What is the units digit of z?
4
Let r be (-9)/12 - (3 + 92/(-16)). Suppose 2*s = r, -10*a + 13*a - 2*s = 373. What is the tens digit of a?
2
Let k(z) = -5*z**3 - 5*z**2 - 17*z - 25. Let q be k(-5). Let j = q - 212. What is the units digit of j?
8
What is the ten thousands digit of (-10)/2 + 1 - 99295/(-4 + -3)?
1
Let l be 10*(0 - (-15)/25). Suppose -l*z + 4 + 86 = 0. Let w = z - 4. What is the units digit of w?
1
What is the thousands digit of (264567/58)/((-18)/(-24))?
6
Let m(q) be the first derivative of q**3 - 17*q**2/2 - 45*q + 89. What is the hundreds digit of m(17)?
5
Let h(l) = 34*l - 690. What is the tens digit of h(34)?
6
Let o(i) = -i. Let u be o(-5). Let x(l) = 11*l**2 + 19*l - 3. Let n be x(-2). Suppose -n*t = -6*t - u*h + 55, 5*t - 121 = -h. What is the units digit of t?
5
Suppose 0 = 14*m + 11*m - 4*m. Suppose m = -2*p + 286 + 368. What is the hundreds digit of p?
3
Suppose 954 - 58 = u. What is the tens digit of -7 + 5 + 1 + u + -1?
9
Suppose -o = 6 - 8. Let y be (10/20)/(o/(-344)). What is the units digit of ((-6)/(-2))/(-3) - y?
5
Let t(x) be the third derivative of 0 - 8/3*x**3 + 0*x + 11*x**2 - 13/12*x**4. What is the tens digit of t(-6)?
4
Let u = -16 + 18. Suppose -9*i + 2030 = -u*i. Let z = -178 + i. What is the units digit of z?
2
Let c be 10 + -5 + (-2 - (0 - 0)). Suppose -56 = u + 2*k, 8*u + 345 = 3*u + 3*k. What is the tens digit of (1/c)/(-1) + (-7282)/u?
1
Let w(y) = y**3 + 5*y**2 - 16*y + 12. Let p(d) = -d**3 + 5*d**2 - 6*d + 1. Let u = 66 - 62. Let j be p(u). What is the units digit of w(j)?
6
Suppose -7*m + 23 = 2. Suppose 0*k = 5*k + m*k. Suppose k = 22*z - 24*z + 260. What is the units digit of z?
0
Let z = 2198 - -4060. What is the units digit of z?
8
Let a(m) = 31*m**2 - 3*m - 24. Let v be (-10 - 0 - -3)/(0 + -1). Let o be a(v). Suppose -4*i = 7*i - o. What is the hundreds digit of i?
1
Suppose -5*s - 47 = m, 26 = -2*m + 5*s - 143. What is the hundreds digit of (105/(-20))/(2/m)?
1
Suppose 4*j - 3*w + 43431 = 7*j, 3*w = -5*j + 72375. What is the thousands digit of j?
4
Suppose 22 - 27 = -t. Suppose -12*w = -16*w + 8. Suppose 0*c + 322 = w*c + 4*r, 4*r - 817 = -t*c. What is the hundreds digit of c?
1
Let j(i) = i**2 - 11*i + 18. Let q be j(9). Suppose 4*y - 270 - 886 = q. Suppose 4*n - 3*n - 61 = -c, 5*n + c = y. What is the tens digit of n?
5
Let q(g) = -9*g - 4*g**2 + 4*g**3 + 18*g**2 - 28*g**2 - 1. Let y be q(5). Let x = y - -41. What is the units digit of x?
5
Let h(c) = -70*c - 10. Let s be h(-3). Suppose 5*n + 199 + s = 4*k, 3*k = -5*n + 308. What is the tens digit of k?
0
Suppose -5 = -4*q + 3. What is the tens digit of q/(-14) - (-6110)/91 - 4?
6
What is the tens digit of ((12/(-10))/(1/(-5)))/(1344/1511104)?
4
Suppose -4*m - 5*l = -35398 - 19808, 27602 = 2*m + 3*l. What is the tens digit of m/140 + (-6)/10?
9
Let i = -84 - -32. Let m = 59 + i. Suppose m*f - 2*f = 515. What is the units digit of f?
3
Suppose -218*k = -231*k + 22581. Let h = -207 + k. What is the units digit of h?
0
Let m(d) = 4*d + 33. Let g be m(-22). Let q = 59 + g. What is the tens digit of 140/q + (-3 - -1 - 0)?
3
Let w(t) = -231*t + 61. What is the thousands digit of w(-59)?
3
Suppose 51*j - 497992 = 16*j + 27*j. What is the units digit of j?
9
Let y(c) = -95*c + 1178. What is the units digit of y(-29)?
3
Suppose 72240 = 8*z + 8*z + 8*z. What is the units digit of z?
0
Let s = 1417 + -892. Suppose s = 21*z - 126. What is the units digit of z?
1
Let j(a) = 4*a**2 + 6*a + 6. Let o be (-7 - -1) + (-30)/(-10). Let m be j(o). Suppose 33 = 3*y - m. What is the units digit of y?
9
Let i(k) = 36*k**3 - 15*k**2 - 13*k + 26. What is the ten thousands digit of i(11)?
4
Suppose -7*c + 12*c = 6440. Suppose -4*q - 5*k = -5149, 12*q - 13*q - k = -c. What is the units digit of q?
1
Suppose 38*d - 872206 = -1491102 + 4063406. What is the tens digit of d?
4
Let y = -78563 - -115932. What is the hundreds digit of y?
3
Suppose 337*p = -191*p - 26*p + 13019000. What is the units digit of p?
0
Let a(n) = 17*n + 8. Suppose -5*c + 6*c = 3*w - 11, -2*c + w = 7. Let z be (4/(-12))/(c/12). What is the units digit of a(z)?
2
Let p be (20 + -1)/(8/(-136)). What is the hundreds digit of (54/12 + -3)*(3 - p)?
4
Let h(p) = -78*p**2 - 4*p + 103*p**2 + 17 - 14*p + 9*p. What is the tens digit of h(2)?
9
Let a(v) = -6*v - v - 4*v + 4 - v**2 - 12. Let i be a(-10). What is the units digit of (98/(-4))/(3/i - 2)?
9
Let h(p) = -p**3 + 16*p - 3. Let q be h(-7). Suppose a + q = -2*a. What is the tens digit of -2 + 5 - 2*(-1 + a)?
5
Suppose -230*g + 278*g = 127392. What is the units digit of g?
4
What is the thousands digit of 4679 + 3/(-2)*(-160)/48?
4
Let x(v) = v**2 + 7*v + 12. Let m be x(-5). Suppose -20 = -0*z + 5*z, m*z = 2*l + 4. What is the tens digit of (68/l)/(6/(-36))?
6
Suppose 5*h = 12 + 13. Suppose -h*m = 18 - 3, -t - 5*m - 13 = 0. What is the tens digit of -1 + (t - 1) + 15?
1
Let j(q) = 728*q**2 - 55*q - 186. What is the units digit of j(-3)?
1
What is the hundreds digit of 6965 - (-75 + -5)/16?
9
Let q = -1302 - -2004. Suppose -155*s = -154*s - q. What is the units digit of s?
2
Let m(o) = -o**2 + 24*o - 58. Let a be m(21). What is the units digit of a + -222*1/(-1)?
7
Let o = -64992 - -94453. What is the thousands digit of o?
9
Suppose 0 = 2*n + 4*q + 191 - 12935, 5*n + q - 31869 = 0. What is the tens digit of n?
7
Suppose -4*l + 3*l = -b + 18, -4*l - 72 = -2*b. Let x be (-3456)/69 - (-4)/46. Let z = l - x. What is the units digit of z?
2
Let c(n) = 6*n**3 + 4*n**2 + 6*n - 28. Let b be c(4). Let x = b - -95. What is the tens digit of x?
3
Let y(o) = 41*o**2 - 6*o + 2. Let h be y(2). What is the tens digit of (-4 - 154/(-49))/((-2)/h)?
6
Let j = -6981 - -11183. What is the hundreds digit of j?
2
Suppose 46849 = 8*m - 7135. What is the hundreds digit of m?
7
Let x(k) = -20*k + 3. Let v be x(-18). Let z = 479 - v. What is the hundreds digit of z?
1
Let k be (-708 - (6 + -2)) + (-4)/2. Let o = -240 - k. What is the hundreds digit of o?
4
Let u = -21549 + 61720. What is the tens digit of u?
7
Let k = -44 + 88. Suppose s - k = 4*b + 38, -5*b = -s + 85. What is the tens digit of s?
7
Let w be (64/3)/(-3*(-5)/45). Let m = w - 60. Suppose m = 5*c + y + 3, -5*c + y = -9. What is the units digit of c?
1
Let w = 28892 + -7506. What is the ten thousands digit of w?
2
Let m be (-592)/(-32) + (-30)/12. What is the tens digit of 27870/16 + ((-22)/m)/(-11)?
4
Let r be -1*(1 - 2) + 197. Let i be 3*14/357 - (-6)/((-204)/(-166)). Suppose 2*o - 19 - 97 = -2*p, -r = -3*o + i*p. What is the units digit of o?
1
Suppose 0 = 3*n - a - 2907 - 6003, 4*a + 5950 = 2*n. What is the units digit of n?
9
Suppose -3*w + 4 = -2*t, -2*w + 5 = 3*w - 5*t. Suppose w*g - 5*l - 276 = -88, 0 = l - 2. What is the units digit of g?
9
Suppose 2 = -3*z - 5*f + 36, -3*f = 5*z - 30. Suppose -m - 144 = 2*l - 764, -z*l = -5*m + 3126. What is the hundreds digit of m?
6
Suppose 0 = -8*w + 19 + 13. Let x(g) = 6*g**2 - 4*g - 23. Let n be x(-6). Suppose -w*k + 5*s + 336 = 0, -n = -k - 2*k - 5*s. What is the units digit of k?
9
Suppose -3*i - 31 = -4*q, -3*i = 5*q - 46 + 14. Let k(y) = 131*y - 189. What is the hundreds digit of k(q)?
7
Suppose 1476302 = 268*y - 3373426. What is the ten thousands digit of y?
1
Suppose 12*n - 2*n - 20400 = 0. Suppose -11*m - n = -17*m.